, what is 5 - -55?
5a
In base 10, what is -4 - 583?
-587
In base 11, what is -2 + 529?
527
In base 14, what is -21 + -10d?
-130
In base 5, what is -2224 - -10?
-2214
In base 9, what is -4 + 608?
604
In base 9, what is 10 - 364?
-354
In base 9, what is 0 + 1256?
1256
In base 6, what is 0 - -1335?
1335
In base 2, what is 100101011 + 1000?
100110011
In base 15, what is -4 - -45?
41
In base 11, what is 455 + -2?
453
In base 10, what is 1 - -7?
8
In base 5, what is -13210 - 34?
-13244
In base 5, what is 22104 + -4?
22100
In base 7, what is 11 - -142?
153
In base 12, what is 27 - a?
19
In base 16, what is 119 + -6?
113
In base 5, what is -4 + -11002?
-11011
In base 11, what is -29 + -14?
-42
In base 15, what is -11 - 30?
-41
In base 12, what is 23 + 0?
23
In base 13, what is 3a - 5?
35
In base 10, what is 5 - -834?
839
In base 10, what is 17034 + -3?
17031
In base 4, what is -2213 - 10?
-2223
In base 3, what is 2001 + 21?
2022
In base 13, what is -8 - -103?
c8
In base 11, what is 379 + -20?
359
In base 5, what is 302 + 4?
311
In base 7, what is -10 - -124?
114
In base 16, what is -e9 + -5a?
-143
In base 5, what is 413 - 24?
334
In base 7, what is 1000 + 0?
1000
In base 13, what is 4 - 2ac?
-2a8
In base 4, what is -1200 - -211?
-323
In base 5, what is 10401 - -3?
10404
In base 14, what is 16 + -2?
14
In base 13, what is -5 + 1566?
1561
In base 14, what is -4 - 67?
-6b
In base 7, what is 5 - -5154?
5162
In base 8, what is 1 + -1123?
-1122
In base 13, what is 359 + -1?
358
In base 15, what is -30 + 4da?
4aa
In base 11, what is -2287 - -3?
-2284
In base 2, what is -1101000 - 101110?
-10010110
In base 14, what is 209 - -4?
20d
In base 8, what is -216 - -61?
-135
In base 12, what is -16 - 30?
-46
In base 7, what is -2 - 44?
-46
In base 6, what is 5 + 54?
103
In base 8, what is -13 + -24?
-37
In base 5, what is 20411 - -32?
20443
In base 12, what is 44 - 262?
-21a
In base 6, what is -21 + -51?
-112
In base 6, what is 1 - -25043?
25044
In base 14, what is -1 - 235?
-236
In base 11, what is 0 + -8a8?
-8a8
In base 15, what is 1a0 - -5?
1a5
In base 9, what is -48 - -18?
-30
In base 8, what is 20 + 242?
262
In base 4, what is -210113 + 13?
-210100
In base 8, what is -14577 + 2?
-14575
In base 16, what is 332 + 2?
334
In base 7, what is -1 + -4053?
-4054
In base 10, what is 111 - -5?
116
In base 12, what is -7 - -135?
12a
In base 8, what is -300 - 2?
-302
In base 8, what is -20 + 10?
-10
In base 4, what is -1110 + 220?
-230
In base 4, what is 2 + -3233?
-3231
In base 6, what is -152 - 5?
-201
In base 6, what is 12 - 33?
-21
In base 16, what is 1043 + -4?
103f
In base 10, what is -2 + 89?
87
In base 16, what is e + 181?
18f
In base 10, what is -65 + -1?
-66
In base 8, what is 4 - -777?
1003
In base 9, what is -826 + 5?
-821
In base 16, what is -441 + 1?
-440
In base 14, what is 4 - -65?
69
In base 6, what is -54 - 15?
-113
In base 10, what is -5 - -2?
-3
In base 4, what is 1000200 + -1?
1000133
In base 6, what is -4 + -120?
-124
In base 11, what is 4045 - 5?
4040
In base 14, what is -a1 + -6?
-a7
In base 12, what is 5 + 58?
61
In base 7, what is 3 + 135?
141
In base 12, what is 7b + -11?
6a
In base 8, what is -32 - 600?
-632
In base 5, what is 20 + 104?
124
In base 3, what is -1001000 - -2?
-1000221
In base 14, what is -12 + -13?
-25
In base 9, what is -3 - 6551?
-6554
In base 3, what is 1111020 - -102?
1111122
In base 4, what is 13 - 2?
11
In base 8, what is 3 - -316?
321
In base 5, what is 1 + -104?
-103
In base 7, what is -256 - 2?
-261
In base 2, what is -11 - -110111?
110100
In base 5, what is -31 + 1112?
1031
In base 14, what is c - -16a?
178
In base 13, what is -483 - 4?
-487
In base 10, what is -12 - 83?
-95
In base 10, what is -1558 + -2?
-1560
In base 5, what is 1 - 10?
-4
In base 8, what is 422 + -4?
416
In base 4, what is 22220 + -12?
22202
In base 12, what is 2277 + 5?
2280
In base 7, what is -66 - 1402?
-1501
In base 14, what is -2 + -3b?
-3d
In base 11, what is 43 + -64?
-21
In base 14, what is 3 + 3c?
41
In base 11, what is 2 - 211a?
-2118
In base 15, what is -275 + 1?
-274
In base 11, what is 2a6 + 5?
300
In base 9, what is 17 + -8?
8
In base 15, what is 62 - 4?
5d
In base 11, what is -3 - 11?
-14
In base 2, what is -100100101 + -100?
-100101001
In base 10, what is -530 + 3?
-527
In base 5, what is -4224 - 4?
-4233
In base 7, what is -5 + -404?
-412
In base 12, what is 5 + -6a?
-65
In base 5, what is 4 + 13?
22
In base 10, what is 181 - 15?
166
In base 15, what is 1 - 18?
-17
In base 10, what is 24 - -10?
34
In base 9, what is -843 - -1?
-842
In base 6, what is 3 - -301?
304
In base 7, what is -1402 - 5?
-1410
In base 11, what is -105 + 29?
-87
In base 3, what is 1121 - 20?
1101
In base 15, what is -1839 - 4?
-183d
In base 4, what is -12 + -10022?
-10100
In base 16, what is -2 - -185?
183
In base 6, what is 14200 - -2?
14202
In base 6, what is 1542 + 5?
1551
In base 16, what is -4e78 - 5?
-4e7d
In base 13, what is 33 - 3?
30
In base 16, what is 1a29 + -3?
1a26
In base 15, what is -68 + 29?
-3e
In base 9, what is 1 + 84?
85
In base 15, what is -26 - 7?
-2d
In base 5, what is -432 + -1101?
-2033
In base 16, what is 1 - -10a?
10b
In base 2, what is -101101 + 11?
-101010
In base 14, what is 5 - -b96?
b9b
In base 9, what is -1081 - 0?
-1081
In base 5, what is -1 - -20444?
20443
In base 9, what is 133 - -4?
137
In base 15, what is 2 + 7a?
7c
In base 4, what is -2 + -113020?
-113022
In base 13, what is 65 + -1?
64
In base 5, what is 4 - 304?
-300
In base 16, what is 41 + -2?
3f
In base 14, what is 9 + -1?
8
In base 5, what is -10 + 3310?
3300
In base 9, what is 13 - -167?
181
In base 5, what is 321 + -1001?
-130
In base 2, what is 101 - 10000?
-1011
In base 8, what is -1 - -1245?
1244
In base 5, what is 103 - 140?
-32
In base 11, what is -2941 - -2?
-293a
In base 13, what is -102 + -2?
-104
In base 15, what is -3 + 1?
-2
In base 4, what is 33122 - -11?
33133
In base 10, what is 3 + -1151?
-1148
In base 13, what is 1 + 4?
5
In base 8, what is 106 + 17?
125
In base 13, what is -487 - 5?
-48c
In base 3, what is 1 - -2121?
2122
In base 9, what is -82 + -60?
-152
In base 12, what is 504 + 3?
507
In base 13, what is 1a + -11?
9
In base 6, what is 0 + 233?
233
In base 5, what is 11 + 2002?
2013
In base 15, what is -873 - -1?
-872
In base 16, what is 0 + -1e?
-1e
In base 14, what is -b7 + -2?
-b9
In base 14, what is d71 - -3?
d74
In base 10, what is -68 + 15?
-53
In base 16, what is 0 + 73?
73
In base 2, what is 11 - -11010?
11101
In base 15, what is -7 + 761?
759
In base 2, what is -1100011000 + -110?
-1100011110
In base 6, what is 14 - -12?
30
In base 7, what is 45543 + 0?
45543
In base 13, what is 24 + 6?
2a
In base 2, what is -11 + -1?
-100
In base 14, what is -4 + 1701?
16db
In base 7, what is 1 + -612?
-611
In base 10, what is 0 + -716?
-716
In base 6, what is -132 + 232?
100
In base 13, what is -5 - -86?
81
In base 7, what is -43145 + 3?
-43142
In base 16, what is 4 + 113?
117
In base 3, what is 1 - -11201?
11202
In base 2, what is 1110000 - -11111000?
101101000
In base 4, what is -2 - -3?
1
In base 14, what is -16 + 2?
-14
In base 4, what is -332 + 0?
-332
In base 13, what is 1a + -274?
-257
In base 2, what is -10101 + -1010010?
-1100111
In base 12, what is -32 + -9?
-3b
In base 2, what is 0 - 111000010?
-111000010
In base 15, what is -1 + -b?
-c
In base 7, what is 140 + 11?
151
In base 9, what is -350 - -3?
-346
In base 7, what is 3 + -12644?
-12641
In base 14, what is 9db + -3?
9d8
In base 9, what is 1 - -161?
162
In base 12, what is -18 + 72?
56
In base 6, what is -31 + 2?
-25
In base 12, what is 105 - 1?
104
In base 13, what is -b + -15?
-23
In base 14, what is -5 - 2c?
-33
In base 4, what is 10 - -10?
20
In base 11, what is 4a + -3?
47
In base 7, what is -4 - 34?
-41
In base 10, what is 3849 - 1?
3848
In base 15, what is 1 + -35?
-34
In base 14, what is -1 + 1a?
19
In base 2, what is 10000000 + -101?
1111011
In base 12, what is 14 + -1?
13
In base 3, what is -2122111 + 2?
-2122102
In base 5, what is 303 + 31?
334
In base 12, what is 0 - a4?
-a4
In base 12, what is -4 + 37?
33
In base 16, what is b + 5?
10
In base 5, what is 3 - 2340?
-2332
In base 10, what is 2973 - -1?
2974
In base 15, what is -39 + d?
-2b
In base 8, what is -50 - 152?
-222
I